{"id":1760,"date":"2025-06-27T16:44:12","date_gmt":"2025-06-27T19:44:12","guid":{"rendered":"https:\/\/colegionocedal.cl\/alumni\/?page_id=1760"},"modified":"2025-06-27T16:44:12","modified_gmt":"2025-06-27T19:44:12","slug":"directiva_exalumnosnocedal","status":"publish","type":"page","link":"https:\/\/colegionocedal.cl\/alumni\/directiva_exalumnosnocedal\/","title":{"rendered":"Directiva_exalumnosNocedal"},"content":{"rendered":"<code><!DOCTYPE html>\r\n<html lang=\"es\">\r\n\r\n<head>\r\n    <meta charset=\"UTF-8\">\r\n    <meta name=\"viewport\" content=\"width=device-width, initial-scale=1\">\r\n    <title>Delegados Fundadores<\/title>\r\n    <link rel=\"stylesheet\" href=\"https:\/\/cdnjs.cloudflare.com\/ajax\/libs\/font-awesome\/6.5.0\/css\/all.min.css\">\r\n\r\n    <style>\r\n        body {\r\n            font-family: Arial, sans-serif;\r\n            margin: 0;\r\n            padding: 0rem;\r\n            background-color: #FFFFFC; \/* Slightly warm off-white for the body *\/\r\n        }\r\n\r\n        h1 {\r\n            text-align: center;\r\n            color: #333;\r\n        }\r\n\r\n        p {\r\n            text-align: center;\r\n            font-weight: bold;\r\n            max-width: 800px;\r\n            margin: auto;\r\n        }\r\n\r\n        .grid-container {\r\n            display: grid;\r\n            \/* Key change: Force 4 equal columns *\/\r\n            grid-template-columns: repeat(4, 1fr);\r\n            gap: 20px;\r\n            margin-top: 3rem;\r\n            \/* Optional: Add a max-width to center the grid if the body is very wide *\/\r\n            max-width: 1200px; \/* Adjust this value as needed for your layout *\/\r\n            margin-left: auto;\r\n            margin-right: auto;\r\n        }\r\n\r\n        .card {\r\n            background: #FFFFFF; \/* Pure white for the card to ensure distinction from body *\/\r\n            border-radius: 16px;\r\n            box-shadow: 0 4px 8px rgba(0, 0, 0, 0.1);\r\n            padding: 1.5rem;\r\n            text-align: center;\r\n            transition: transform 0.2s;\r\n        }\r\n\r\n        .card:hover {\r\n            transform: translateY(-5px);\r\n        }\r\n\r\n        .card img {\r\n            width: 180px;\r\n            height: 180px;\r\n            object-fit: cover;\r\n            border-radius: 50%;\r\n            margin-bottom: 1rem;\r\n            border: 3px solid #ccc;\r\n        }\r\n\r\n        .card h3 {\r\n            margin: 0.5rem 0 0.25rem;\r\n            font-size: 1.1rem;\r\n            color: #333;\r\n        }\r\n\r\n        .card p {\r\n            margin: 0;\r\n            font-size: 0.95rem;\r\n            color: #666;\r\n        }\r\n\r\n        \/* Responsive adjustments for smaller screens *\/\r\n        @media (max-width: 1024px) {\r\n            .grid-container {\r\n                grid-template-columns: repeat(3, 1fr); \/* 3 columns on medium screens *\/\r\n            }\r\n        }\r\n\r\n        @media (max-width: 768px) {\r\n            .grid-container {\r\n                grid-template-columns: repeat(2, 1fr); \/* 2 columns on tablets *\/\r\n            }\r\n        }\r\n\r\n        @media (max-width: 480px) {\r\n            .grid-container {\r\n                grid-template-columns: 1fr; \/* 1 column on small phones *\/\r\n            }\r\n            .card img {\r\n                width: 100px; \/* Slightly smaller image for very small screens *\/\r\n                height: 100px;\r\n            }\r\n        }\r\n    <\/style>\r\n<\/head>\r\n<body>\r\n\r\n<h1><b>Directiva<\/b><\/h1>\r\n    <p style=\"text-align: center;\"><strong>per\u00edodo 2023 \u2013 2027<\/strong><\/p>\r\n    <section>\r\n        <section class=\"grid-container\">\r\n            <div class=\"card\">\r\n                <img decoding=\"async\" src=\"https:\/\/colegionocedal.cl\/alumni\/wp-content\/uploads\/2025\/06\/David-Mendez-Letelier.png\" width=\"123\" height=\"124\" alt=\"Imagen de David M\u00e9ndez Letelier\">\r\n                <h3>David M\u00e9ndez Letelier<\/h3>\r\n                Presidente\r\n                <p>Generaci\u00f3n 2004<\/p>\r\n                <br>\r\n                <a href=\"#\" target=\"_blank\" class=\"linkedin-link\">\r\n                    <i class=\"fab fa-linkedin fa-lg\"><\/i>\r\n                <\/a>\r\n            <\/div>\r\n            <div class=\"card\">\r\n                <img decoding=\"async\" src=\"https:\/\/colegionocedal.cl\/alumni\/wp-content\/uploads\/2025\/05\/Renato-Alfoin-Saavedra-Llano-e1748135763834.jpeg\" width=\"123\" height=\"124\" alt=\"Imagen de Renato Saavedra Llano\">\r\n                <h3>Renato Saavedra Llano<\/h3>\r\n                Vicepresidente\r\n                <p>Generaci\u00f3n 2014<\/p>\r\n                <br>\r\n                <a href=\"#\" target=\"_blank\" class=\"linkedin-link\">\r\n                    <i class=\"fab fa-linkedin fa-lg\"><\/i>\r\n                <\/a>\r\n            <\/div>\r\n            <div class=\"card\">\r\n                <img decoding=\"async\" src=\"https:\/\/colegionocedal.cl\/alumni\/wp-content\/uploads\/2025\/05\/Allen-Jonathan-Iturra-Villarroel-e1748135875930.jpeg\" width=\"123\" height=\"124\" alt=\"Imagen de Allen Iturra Villarroel\">\r\n                <h3>Allen Iturra Villarroel<\/h3>\r\n                Secretario\r\n                <p>Generaci\u00f3n 2022<\/p>\r\n                <br>\r\n                <a href=\"#\" target=\"_blank\" class=\"linkedin-link\">\r\n                    <i class=\"fab fa-linkedin fa-lg\"><\/i>\r\n                <\/a>\r\n            <\/div>\r\n            <div class=\"card\">\r\n                <img loading=\"lazy\" decoding=\"async\" src=\"https:\/\/colegionocedal.cl\/alumni\/wp-content\/uploads\/2024\/11\/Cristian-Gonzalez-Fuentes-tesorero.jpeg\" width=\"123\" height=\"124\" alt=\"Imagen de Cristi\u00e1n Gonz\u00e1lez Fuentes\">\r\n                <h3>Cristi\u00e1n Gonz\u00e1lez Fuentes<\/h3>\r\n                Tesorero\r\n                <p>Generaci\u00f3n 2006<\/p>\r\n                <br>\r\n                <a href=\"#\" target=\"_blank\" class=\"linkedin-link\">\r\n                    <i class=\"fab fa-linkedin fa-lg\"><\/i>\r\n                <\/a>\r\n            <\/div>\r\n            <div class=\"card\">\r\n                <img loading=\"lazy\" decoding=\"async\" src=\"https:\/\/colegionocedal.cl\/alumni\/wp-content\/uploads\/2025\/05\/Alexis-Javier-Llancaman-Caceres-e1748136100526.jpeg\" width=\"123\" height=\"124\" alt=\"Imagen de Alexis Llancam\u00e1n C\u00e1ceres\">\r\n                <h3>Alexis Llancam\u00e1n C\u00e1ceres<\/h3>\r\n                Director\r\n                <p>Generaci\u00f3n 2008<\/p>\r\n                <br>\r\n                <a href=\"#\" target=\"_blank\" class=\"linkedin-link\">\r\n                    <i class=\"fab fa-linkedin fa-lg\"><\/i>\r\n                <\/a>\r\n            <\/div>\r\n            <div class=\"card\">\r\n                <img loading=\"lazy\" decoding=\"async\" src=\"https:\/\/colegionocedal.cl\/alumni\/wp-content\/uploads\/2025\/05\/Sebastian-Javier-Sanchez-Fuenzalida-e1748136196874.jpeg\" width=\"123\" height=\"124\" alt=\"Imagen de Sebasti\u00e1n S\u00e1nchez Fuenzalida\">\r\n                <h3>Sebasti\u00e1n S\u00e1nchez Fuenzalida<\/h3>\r\n                Director\r\n                <p>Generaci\u00f3n 2011<\/p>\r\n                <br>\r\n                <a href=\"#\" target=\"_blank\" class=\"linkedin-link\">\r\n                    <i class=\"fab fa-linkedin fa-lg\"><\/i>\r\n                <\/a>\r\n            <\/div>\r\n            <div class=\"card\">\r\n                <img loading=\"lazy\" decoding=\"async\" src=\"https:\/\/colegionocedal.cl\/alumni\/wp-content\/uploads\/2023\/12\/icono-persona.png\" width=\"123\" height=\"124\" alt=\"Imagen de Manuel Arce Y\u00e1\u00f1ez\">\r\n                <h3>Manuel Arce Y\u00e1\u00f1ez<\/h3>\r\n                Director\r\n                <p>Coordinador TP Colegio Nocedal<\/p>\r\n                <br>\r\n                <a href=\"#\" target=\"_blank\" class=\"linkedin-link\">\r\n                    <i class=\"fab fa-linkedin fa-lg\"><\/i>\r\n                <\/a>\r\n            <\/div>\r\n            <div class=\"card\">\r\n                <img loading=\"lazy\" decoding=\"async\" src=\"https:\/\/colegionocedal.cl\/alumni\/wp-content\/uploads\/2024\/11\/roberto-raggio.jpg\" width=\"123\" height=\"124\" alt=\"Imagen de Roberto Raggio Ar\u00e9valo\">\r\n                <h3>Roberto Raggio Ar\u00e9valo<\/h3>\r\n                Director\r\n                <p>Subdirector de Formaci\u00f3n Colegio Nocedal<\/p>\r\n                <br>\r\n                <a href=\"#\" target=\"_blank\" class=\"linkedin-link\">\r\n                    <i class=\"fab fa-linkedin fa-lg\"><\/i>\r\n                <\/a>\r\n            <\/div>\r\n            <div class=\"card\">\r\n                <img loading=\"lazy\" decoding=\"async\" src=\"https:\/\/colegionocedal.cl\/alumni\/wp-content\/uploads\/2024\/11\/eduardo-cuevas.jpg\" width=\"123\" height=\"124\" alt=\"Imagen de Eduardo Cuevas Mu\u00f1oz\">\r\n                <h3>Eduardo Cuevas Mu\u00f1oz<\/h3>\r\n                Director\r\n                <p>Director Colegio Nocedal<\/p>\r\n                <br>\r\n                <a href=\"#\" target=\"_blank\" class=\"linkedin-link\">\r\n                    <i class=\"fab fa-linkedin fa-lg\"><\/i>\r\n                <\/a>\r\n            <\/div>\r\n        <\/section>\r\n    <\/section>\r\n<\/body>\r\n<\/html><\/code>","protected":false},"excerpt":{"rendered":"Delegados Fundadores Directiva per\u00edodo 2023 \u2013 2027 David M\u00e9ndez Letelier Presidente Generaci\u00f3n 2004 Renato Saavedra Llano Vicepresidente Generaci\u00f3n 2014 Allen Iturra Villarroel Secretario Generaci\u00f3n 2022 Cristi\u00e1n Gonz\u00e1lez Fuentes Tesorero Generaci\u00f3n 2006 Alexis Llancam\u00e1n C\u00e1ceres Director Generaci\u00f3n 2008 Sebasti\u00e1n S\u00e1nchez Fuenzalida Director Generaci\u00f3n 2011 Manuel Arce Y\u00e1\u00f1ez Director Coordinador TP Colegio Nocedal Roberto Raggio Ar\u00e9valo Director [&hellip;]","protected":false},"author":1,"featured_media":0,"parent":0,"menu_order":0,"comment_status":"closed","ping_status":"closed","template":"page-templates\/home.php","meta":{"footnotes":""},"class_list":["post-1760","page","type-page","status-publish","hentry"],"_links":{"self":[{"href":"https:\/\/colegionocedal.cl\/alumni\/wp-json\/wp\/v2\/pages\/1760","targetHints":{"allow":["GET"]}}],"collection":[{"href":"https:\/\/colegionocedal.cl\/alumni\/wp-json\/wp\/v2\/pages"}],"about":[{"href":"https:\/\/colegionocedal.cl\/alumni\/wp-json\/wp\/v2\/types\/page"}],"author":[{"embeddable":true,"href":"https:\/\/colegionocedal.cl\/alumni\/wp-json\/wp\/v2\/users\/1"}],"replies":[{"embeddable":true,"href":"https:\/\/colegionocedal.cl\/alumni\/wp-json\/wp\/v2\/comments?post=1760"}],"version-history":[{"count":4,"href":"https:\/\/colegionocedal.cl\/alumni\/wp-json\/wp\/v2\/pages\/1760\/revisions"}],"predecessor-version":[{"id":1766,"href":"https:\/\/colegionocedal.cl\/alumni\/wp-json\/wp\/v2\/pages\/1760\/revisions\/1766"}],"wp:attachment":[{"href":"https:\/\/colegionocedal.cl\/alumni\/wp-json\/wp\/v2\/media?parent=1760"}],"curies":[{"name":"wp","href":"https:\/\/api.w.org\/{rel}","templated":true}]}}

<code><!DOCTYPE html>
<html lang="es">

<head>
    <meta charset="UTF-8">
    <meta name="viewport" content="width=device-width, initial-scale=1">
    <title>Delegados Fundadores</title>
    <link rel="stylesheet" href="https://cdnjs.cloudflare.com/ajax/libs/font-awesome/6.5.0/css/all.min.css">

    <style>
        body {
            font-family: Arial, sans-serif;
            margin: 0;
            padding: 0rem;
            background-color: #FFFFFC; /* Slightly warm off-white for the body */
        }

        h1 {
            text-align: center;
            color: #333;
        }

        p {
            text-align: center;
            font-weight: bold;
            max-width: 800px;
            margin: auto;
        }

        .grid-container {
            display: grid;
            /* Key change: Force 4 equal columns */
            grid-template-columns: repeat(4, 1fr);
            gap: 20px;
            margin-top: 3rem;
            /* Optional: Add a max-width to center the grid if the body is very wide */
            max-width: 1200px; /* Adjust this value as needed for your layout */
            margin-left: auto;
            margin-right: auto;
        }

        .card {
            background: #FFFFFF; /* Pure white for the card to ensure distinction from body */
            border-radius: 16px;
            box-shadow: 0 4px 8px rgba(0, 0, 0, 0.1);
            padding: 1.5rem;
            text-align: center;
            transition: transform 0.2s;
        }

        .card:hover {
            transform: translateY(-5px);
        }

        .card img {
            width: 180px;
            height: 180px;
            object-fit: cover;
            border-radius: 50%;
            margin-bottom: 1rem;
            border: 3px solid #ccc;
        }

        .card h3 {
            margin: 0.5rem 0 0.25rem;
            font-size: 1.1rem;
            color: #333;
        }

        .card p {
            margin: 0;
            font-size: 0.95rem;
            color: #666;
        }

        /* Responsive adjustments for smaller screens */
        @media (max-width: 1024px) {
            .grid-container {
                grid-template-columns: repeat(3, 1fr); /* 3 columns on medium screens */
            }
        }

        @media (max-width: 768px) {
            .grid-container {
                grid-template-columns: repeat(2, 1fr); /* 2 columns on tablets */
            }
        }

        @media (max-width: 480px) {
            .grid-container {
                grid-template-columns: 1fr; /* 1 column on small phones */
            }
            .card img {
                width: 100px; /* Slightly smaller image for very small screens */
                height: 100px;
            }
        }
    </style>
</head>
<body>

<h1><b>Directiva</b></h1>
    <p style="text-align: center;"><strong>período 2023 – 2027</strong></p>
    <section>
        <section class="grid-container">
            <div class="card">
                <img decoding="async" src="https://colegionocedal.cl/alumni/wp-content/uploads/2025/06/David-Mendez-Letelier.png" width="123" height="124" alt="Imagen de David Méndez Letelier">
                <h3>David Méndez Letelier</h3>
                Presidente
                <p>Generación 2004</p>
                <br>
                <a href="#" target="_blank" class="linkedin-link">
                    <i class="fab fa-linkedin fa-lg"></i>
                </a>
            </div>
            <div class="card">
                <img decoding="async" src="https://colegionocedal.cl/alumni/wp-content/uploads/2025/05/Renato-Alfoin-Saavedra-Llano-e1748135763834.jpeg" width="123" height="124" alt="Imagen de Renato Saavedra Llano">
                <h3>Renato Saavedra Llano</h3>
                Vicepresidente
                <p>Generación 2014</p>
                <br>
                <a href="#" target="_blank" class="linkedin-link">
                    <i class="fab fa-linkedin fa-lg"></i>
                </a>
            </div>
            <div class="card">
                <img decoding="async" src="https://colegionocedal.cl/alumni/wp-content/uploads/2025/05/Allen-Jonathan-Iturra-Villarroel-e1748135875930.jpeg" width="123" height="124" alt="Imagen de Allen Iturra Villarroel">
                <h3>Allen Iturra Villarroel</h3>
                Secretario
                <p>Generación 2022</p>
                <br>
                <a href="#" target="_blank" class="linkedin-link">
                    <i class="fab fa-linkedin fa-lg"></i>
                </a>
            </div>
            <div class="card">
                <img loading="lazy" decoding="async" src="https://colegionocedal.cl/alumni/wp-content/uploads/2024/11/Cristian-Gonzalez-Fuentes-tesorero.jpeg" width="123" height="124" alt="Imagen de Cristián González Fuentes">
                <h3>Cristián González Fuentes</h3>
                Tesorero
                <p>Generación 2006</p>
                <br>
                <a href="#" target="_blank" class="linkedin-link">
                    <i class="fab fa-linkedin fa-lg"></i>
                </a>
            </div>
            <div class="card">
                <img loading="lazy" decoding="async" src="https://colegionocedal.cl/alumni/wp-content/uploads/2025/05/Alexis-Javier-Llancaman-Caceres-e1748136100526.jpeg" width="123" height="124" alt="Imagen de Alexis Llancamán Cáceres">
                <h3>Alexis Llancamán Cáceres</h3>
                Director
                <p>Generación 2008</p>
                <br>
                <a href="#" target="_blank" class="linkedin-link">
                    <i class="fab fa-linkedin fa-lg"></i>
                </a>
            </div>
            <div class="card">
                <img loading="lazy" decoding="async" src="https://colegionocedal.cl/alumni/wp-content/uploads/2025/05/Sebastian-Javier-Sanchez-Fuenzalida-e1748136196874.jpeg" width="123" height="124" alt="Imagen de Sebastián Sánchez Fuenzalida">
                <h3>Sebastián Sánchez Fuenzalida</h3>
                Director
                <p>Generación 2011</p>
                <br>
                <a href="#" target="_blank" class="linkedin-link">
                    <i class="fab fa-linkedin fa-lg"></i>
                </a>
            </div>
            <div class="card">
                <img loading="lazy" decoding="async" src="https://colegionocedal.cl/alumni/wp-content/uploads/2023/12/icono-persona.png" width="123" height="124" alt="Imagen de Manuel Arce Yáñez">
                <h3>Manuel Arce Yáñez</h3>
                Director
                <p>Coordinador TP Colegio Nocedal</p>
                <br>
                <a href="#" target="_blank" class="linkedin-link">
                    <i class="fab fa-linkedin fa-lg"></i>
                </a>
            </div>
            <div class="card">
                <img loading="lazy" decoding="async" src="https://colegionocedal.cl/alumni/wp-content/uploads/2024/11/roberto-raggio.jpg" width="123" height="124" alt="Imagen de Roberto Raggio Arévalo">
                <h3>Roberto Raggio Arévalo</h3>
                Director
                <p>Subdirector de Formación Colegio Nocedal</p>
                <br>
                <a href="#" target="_blank" class="linkedin-link">
                    <i class="fab fa-linkedin fa-lg"></i>
                </a>
            </div>
            <div class="card">
                <img loading="lazy" decoding="async" src="https://colegionocedal.cl/alumni/wp-content/uploads/2024/11/eduardo-cuevas.jpg" width="123" height="124" alt="Imagen de Eduardo Cuevas Muñoz">
                <h3>Eduardo Cuevas Muñoz</h3>
                Director
                <p>Director Colegio Nocedal</p>
                <br>
                <a href="#" target="_blank" class="linkedin-link">
                    <i class="fab fa-linkedin fa-lg"></i>
                </a>
            </div>
        </section>
    </section>
</body>
</html></code>

Delegados Fundadores Directiva período 2023 – 2027 David Méndez Letelier Presidente Generación 2004 Renato Saavedra Llano Vicepresidente Generación 2014 Allen Iturra Villarroel Secretario Generación 2022 Cristián González Fuentes Tesorero Generación 2006 Alexis Llancamán Cáceres Director Generación 2008 Sebastián Sánchez Fuenzalida Director Generación 2011 Manuel Arce Yáñez Director Coordinador TP Colegio Nocedal Roberto Raggio Arévalo Director [&hellip;]
