{"id":1744,"date":"2025-06-27T00:47:10","date_gmt":"2025-06-27T03:47:10","guid":{"rendered":"https:\/\/colegionocedal.cl\/alumni\/?page_id=1744"},"modified":"2025-06-27T16:08:30","modified_gmt":"2025-06-27T19:08:30","slug":"delegados_fundadores","status":"publish","type":"page","link":"https:\/\/colegionocedal.cl\/alumni\/delegados_fundadores\/","title":{"rendered":"Delegados_fundadores"},"content":{"rendered":"<code><!DOCTYPE html>\r\n<html lang=\"es\">\r\n\r\n<head>\r\n    <meta charset=\"UTF-8\">\r\n    <meta name=\"viewport\" content=\"width=device-width, initial-scale=1\">\r\n    <title>Delegados Fundadores<\/title>\r\n    <link rel=\"stylesheet\" href=\"https:\/\/cdnjs.cloudflare.com\/ajax\/libs\/font-awesome\/6.5.0\/css\/all.min.css\">\r\n\r\n    <style>\r\n        body {\r\n            font-family: Arial, sans-serif;\r\n            margin: 0;\r\n            padding: rem;\r\n            background-color: #FFFFFC; \/* Slightly warm off-white for the body *\/\r\n        }\r\n\r\n        h1 {\r\n            text-align: center;\r\n            color: #333;\r\n        }\r\n\r\n        p {\r\n            text-align: center;\r\n            font-weight: bold;\r\n            max-width: 800px;\r\n            margin: auto;\r\n        }\r\n\r\n        .grid-container {\r\n            display: grid;\r\n            \/* Key change: Force 4 equal columns *\/\r\n            grid-template-columns: repeat(4, 1fr);\r\n            gap: 20px;\r\n            margin-top: 3rem;\r\n            \/* Optional: Add a max-width to center the grid if the body is very wide *\/\r\n            max-width: 1200px; \/* Adjust this value as needed for your layout *\/\r\n            margin-left: auto;\r\n            margin-right: auto;\r\n        }\r\n\r\n        .card {\r\n            background: #FFFFFF; \/* Pure white for the card to ensure distinction from body *\/\r\n            border-radius: 16px;\r\n            box-shadow: 0 4px 8px rgba(0, 0, 0, 0.1);\r\n            padding: 1.5rem;\r\n            text-align: center;\r\n            transition: transform 0.2s;\r\n        }\r\n\r\n        .card:hover {\r\n            transform: translateY(-5px);\r\n        }\r\n\r\n        .card img {\r\n            width: 180px;\r\n            height: 180px;\r\n            object-fit: cover;\r\n            border-radius: 50%;\r\n            margin-bottom: 1rem;\r\n            border: 3px solid #ccc;\r\n        }\r\n\r\n        .card h3 {\r\n            margin: 0.5rem 0 0.25rem;\r\n            font-size: 1.1rem;\r\n            color: #333;\r\n        }\r\n\r\n        .card p {\r\n            margin: 0;\r\n            font-size: 0.95rem;\r\n            color: #666;\r\n        }\r\n\r\n        \/* Responsive adjustments for smaller screens *\/\r\n        @media (max-width: 1024px) {\r\n            .grid-container {\r\n                grid-template-columns: repeat(3, 1fr); \/* 3 columns on medium screens *\/\r\n            }\r\n        }\r\n\r\n        @media (max-width: 768px) {\r\n            .grid-container {\r\n                grid-template-columns: repeat(2, 1fr); \/* 2 columns on tablets *\/\r\n            }\r\n        }\r\n\r\n        @media (max-width: 480px) {\r\n            .grid-container {\r\n                grid-template-columns: 1fr; \/* 1 column on small phones *\/\r\n            }\r\n            .card img {\r\n                width: 100px; \/* Slightly smaller image for very small screens *\/\r\n                height: 100px;\r\n            }\r\n        }\r\n    <\/style>\r\n<\/head>\r\n\r\n<body>\r\n\r\n    <h1><b>Delegados fundadores<\/b><\/h1>\r\n    <p>Los Delegados Fundadores son aquellos asociados que han constituido la Asociaci\u00f3n, firmando los primeros\r\n        Estatutos.<\/p>\r\n\r\n    <section class=\"grid-container\">\r\n        <div class=\"card\">\r\n            <img decoding=\"async\" src=\"https:\/\/colegionocedal.cl\/alumni\/wp-content\/uploads\/2025\/05\/Mauricio-Rodrigo-Vega-Torres-e1748195279504.jpeg\"\r\n                alt=\"Mauricio Rodrigo Vega Torres\">\r\n            <h3>Mauricio Rodrigo<\/h3>\r\n            <h3>Vega Torres<\/h3>\r\n            <p>Delegado Fundador<\/p>\r\n            <p>Generaci\u00f3n 2004<\/p>\r\n            <br>\r\n            <a href=\"#\" target=\"_blank\" class=\"linkedin-link\">\r\n                <i class=\"fab fa-linkedin fa-lg\"><\/i>\r\n            <\/a>\r\n        <\/div>\r\n\r\n        <div class=\"card\">\r\n            <img decoding=\"async\" src=\"https:\/\/colegionocedal.cl\/alumni\/wp-content\/uploads\/2025\/06\/David-Mendez-Letelier.png\"\r\n                alt=\"David Alexander M\u00e9ndez Letelier\">\r\n            <h3>David Alexander<\/h3>\r\n            <h3>M\u00e9ndez Letelier<\/h3>\r\n            <p>Delegado Fundador<\/p>\r\n            <p>Generaci\u00f3n 2004<\/p>\r\n            <br>\r\n            <a href=\"#\" target=\"_blank\" class=\"linkedin-link\">\r\n                <i class=\"fab fa-linkedin fa-lg\"><\/i>\r\n            <\/a>\r\n        <\/div>\r\n\r\n        <div class=\"card\">\r\n            <img decoding=\"async\" src=\"https:\/\/colegionocedal.cl\/alumni\/wp-content\/uploads\/2023\/12\/icono-persona.png\"\r\n                alt=\"Marcelo Antonio Badilla Santander\">\r\n            <h3>Marcelo Antonio<\/h3>\r\n            <h3>Badilla Santander<\/h3>\r\n            <p>Delegado Fundador<\/p>\r\n            <p>Generaci\u00f3n 2005<\/p>\r\n            <br>\r\n            <a href=\"#\" target=\"_blank\" class=\"linkedin-link\">\r\n                <i class=\"fab fa-linkedin fa-lg\"><\/i>\r\n            <\/a>\r\n        <\/div>\r\n\r\n        <div class=\"card\">\r\n            <img decoding=\"async\" src=\"https:\/\/colegionocedal.cl\/alumni\/wp-content\/uploads\/2023\/12\/icono-persona.png\"\r\n                alt=\"Eduardo Andr\u00e9s Herrera Carrillo\">\r\n            <h3>Eduardo Andr\u00e9s<\/h3>\r\n            <h3>Herrera Carrillo<\/h3>\r\n            <p>Delegado Fundador<\/p>\r\n            <p>Generaci\u00f3n 2006<\/p>\r\n            <br>\r\n            <a href=\"#\" target=\"_blank\" class=\"linkedin-link\">\r\n                <i class=\"fab fa-linkedin fa-lg\"><\/i>\r\n            <\/a>\r\n        <\/div>\r\n    <\/section>\r\n\r\n    <section class=\"grid-container\">\r\n        <div class=\"card\">\r\n            <img decoding=\"async\" src=\"https:\/\/colegionocedal.cl\/alumni\/wp-content\/uploads\/2025\/05\/Marcelo-Ivan-Figueroa-Cisterna-e1748222256350.jpeg\"\r\n                alt=\"Marcelo Iv\u00e1n Figueroa Cisterna\">\r\n            <h3>Marcelo Iv\u00e1n<\/h3>\r\n            <h3>Figueroa Cisterna<\/h3>\r\n            <p>Delegado Fundador<\/p>\r\n            <p>Generaci\u00f3n 2006<\/p>\r\n            <br>\r\n            <a href=\"#\" target=\"_blank\" class=\"linkedin-link\">\r\n                <i class=\"fab fa-linkedin fa-lg\"><\/i>\r\n            <\/a>\r\n        <\/div>\r\n\r\n        <div class=\"card\">\r\n            <img decoding=\"async\" src=\"https:\/\/colegionocedal.cl\/alumni\/wp-content\/uploads\/2023\/12\/icono-persona.png\"\r\n                alt=\"Carlos Antonio Rivas Beiza\">\r\n            <h3>Carlos Antonio<\/h3>\r\n            <h3>Rivas Beiza<\/h3>\r\n            <p>Delegado Fundador<\/p>\r\n            <p>Generaci\u00f3n 2006<\/p>\r\n            <br>\r\n            <a href=\"#\" target=\"_blank\" class=\"linkedin-link\">\r\n                <i class=\"fab fa-linkedin fa-lg\"><\/i>\r\n            <\/a>\r\n        <\/div>\r\n\r\n        <div class=\"card\">\r\n            <img decoding=\"async\" src=\"https:\/\/colegionocedal.cl\/alumni\/wp-content\/uploads\/2024\/11\/Cristian-Gonzalez-Fuentes-tesorero.jpeg\"\r\n                alt=\"Cristi\u00e1n Felipe Gonz\u00e1lez Fuentes\">\r\n            <h3>Cristi\u00e1n Felipe<\/h3>\r\n            <h3>Gonz\u00e1lez Fuentes<\/h3>\r\n            <p>Delegado Fundador<\/p>\r\n            <p>Generaci\u00f3n 2006<\/p>\r\n            <br>\r\n            <a href=\"#\" target=\"_blank\" class=\"linkedin-link\">\r\n                <i class=\"fab fa-linkedin fa-lg\"><\/i>\r\n            <\/a>\r\n        <\/div>\r\n\r\n        <div class=\"card\">\r\n            <img decoding=\"async\" src=\"https:\/\/colegionocedal.cl\/alumni\/wp-content\/uploads\/2023\/12\/icono-persona.png\"\r\n                alt=\"Mijail Sergio Pavel Contreras\">\r\n            <h3>Mijail Sergio Pavel<\/h3>\r\n            <h3>Contreras<\/h3>\r\n            <p>Delegado Fundador<\/p>\r\n            <p>Generaci\u00f3n 2007<\/p>\r\n            <br>\r\n            <a href=\"#\" target=\"_blank\" class=\"linkedin-link\">\r\n                <i class=\"fab fa-linkedin fa-lg\"><\/i>\r\n            <\/a>\r\n        <\/div>\r\n    <\/section>\r\n\r\n    <section class=\"grid-container\">\r\n        <div class=\"card\">\r\n            <img decoding=\"async\" src=\"https:\/\/colegionocedal.cl\/alumni\/wp-content\/uploads\/2025\/05\/Juan-Manuel-Catalan-Leiva-e1748222614559.jpeg\"\r\n                alt=\"Juan Manuel Catal\u00e1n Leiva\">\r\n            <h3>Juan Manuel<\/h3>\r\n            <h3>Catal\u00e1n Leiva<\/h3>\r\n            <p>Delegado Fundador<\/p>\r\n            <p>Generaci\u00f3n 2007<\/p>\r\n            <br>\r\n            <a href=\"#\" target=\"_blank\" class=\"linkedin-link\">\r\n                <i class=\"fab fa-linkedin fa-lg\"><\/i>\r\n            <\/a>\r\n        <\/div>\r\n\r\n        <div class=\"card\">\r\n            <img decoding=\"async\" src=\"https:\/\/colegionocedal.cl\/alumni\/wp-content\/uploads\/2025\/05\/Alexis-Javier-Llancaman-Caceres-e1748136100526.jpeg\"\r\n                alt=\"Alexis Javier Llancam\u00e1n C\u00e1ceres\">\r\n            <h3>Alexis Javier<\/h3>\r\n            <h3>Llancam\u00e1n C\u00e1ceres<\/h3>\r\n            <p>Delegado Fundador<\/p>\r\n            <p>Generaci\u00f3n 2008<\/p>\r\n            <br>\r\n            <a href=\"#\" target=\"_blank\" class=\"linkedin-link\">\r\n                <i class=\"fab fa-linkedin fa-lg\"><\/i>\r\n            <\/a>\r\n        <\/div>\r\n\r\n        <div class=\"card\">\r\n            <img decoding=\"async\" src=\"https:\/\/colegionocedal.cl\/alumni\/wp-content\/uploads\/2025\/05\/Francisco-Javier-Serendero-Villalobos-e1748222813524.jpeg\"\r\n                alt=\"Francisco Javier Serendero Villalobos\">\r\n            <h3>Francisco Javier<\/h3>\r\n            <h3>Serendero Villalobos<\/h3>\r\n            <p>Delegado Fundador<\/p>\r\n            <p>Generaci\u00f3n 2008<\/p>\r\n            <br>\r\n            <a href=\"#\" target=\"_blank\" class=\"linkedin-link\">\r\n                <i class=\"fab fa-linkedin fa-lg\"><\/i>\r\n            <\/a>\r\n        <\/div>\r\n\r\n        <div class=\"card\">\r\n            <img decoding=\"async\" src=\"https:\/\/colegionocedal.cl\/alumni\/wp-content\/uploads\/2025\/05\/Pablo-Ernesto-Duran-Celis-e1748222928571.jpeg\"\r\n                alt=\"Pablo Ernesto Dur\u00e1n Celis\">\r\n            <h3>Pablo Ernesto<\/h3>\r\n            <h3>Dur\u00e1n Celis<\/h3>\r\n            <p>Delegado Fundador<\/p>\r\n            <p>Generaci\u00f3n 2008<\/p>\r\n            <br>\r\n            <a href=\"#\" target=\"_blank\" class=\"linkedin-link\">\r\n                <i class=\"fab fa-linkedin fa-lg\"><\/i>\r\n            <\/a>\r\n        <\/div>\r\n    <\/section>\r\n\r\n    <section class=\"grid-container\">\r\n        <div class=\"card\">\r\n            <img decoding=\"async\" src=\"https:\/\/colegionocedal.cl\/alumni\/wp-content\/uploads\/2025\/05\/Estiven-Gabriel-Anriquez-Sepulveda-e1748223029826.jpeg\"\r\n                alt=\"Estiven Gabriel Anr\u00edquez Sep\u00falveda\">\r\n            <h3>Estiven Gabriel<\/h3>\r\n            <h3>Anr\u00edquez Sep\u00falveda<\/h3>\r\n            <p>Delegado Fundador<\/p>\r\n            <p>Generaci\u00f3n 2009<\/p>\r\n            <br>\r\n            <a href=\"#\" target=\"_blank\" class=\"linkedin-link\">\r\n                <i class=\"fab fa-linkedin fa-lg\"><\/i>\r\n            <\/a>\r\n        <\/div>\r\n\r\n        <div class=\"card\">\r\n            <img decoding=\"async\" src=\"https:\/\/colegionocedal.cl\/alumni\/wp-content\/uploads\/2025\/05\/Frank-Maximiliano-Mendez-Escobar-e1748223107418.jpeg\"\r\n                alt=\"Frank Maximiliano M\u00e9ndez Escobar\">\r\n            <h3>Frank Maximiliano<\/h3>\r\n            <h3>M\u00e9ndez Escobar<\/h3>\r\n            <p>Delegado Fundador<\/p>\r\n            <p>Generaci\u00f3n 2009<\/p>\r\n            <br>\r\n            <a href=\"#\" target=\"_blank\" class=\"linkedin-link\">\r\n                <i class=\"fab fa-linkedin fa-lg\"><\/i>\r\n            <\/a>\r\n        <\/div>\r\n\r\n        <div class=\"card\">\r\n            <img decoding=\"async\" src=\"https:\/\/colegionocedal.cl\/alumni\/wp-content\/uploads\/2025\/05\/Nicolas-Alejandro-Villacura-Medina-e1748223202334.jpeg\"\r\n                alt=\"Nicol\u00e1s Alejandro Villacura Medina\">\r\n            <h3>Nicol\u00e1s Alejandro<\/h3>\r\n            <h3>Villacura Medina<\/h3>\r\n            <p>Delegado Fundador<\/p>\r\n            <p>Generaci\u00f3n 2010<\/p>\r\n            <br>\r\n            <a href=\"#\" target=\"_blank\" class=\"linkedin-link\">\r\n                <i class=\"fab fa-linkedin fa-lg\"><\/i>\r\n            <\/a>\r\n        <\/div>\r\n\r\n        <div class=\"card\">\r\n            <img decoding=\"async\" src=\"https:\/\/colegionocedal.cl\/alumni\/wp-content\/uploads\/2025\/05\/Sebastian-Javier-Sanchez-Fuenzalida-e1748136196874.jpeg\"\r\n                alt=\"Sebasti\u00e1n Javier S\u00e1nchez Fuenzalida\">\r\n            <h3>Sebasti\u00e1n Javier<\/h3>\r\n            <h3>S\u00e1nchez Fuenzalida<\/h3>\r\n            <p>Delegado Fundador<\/p>\r\n            <p>Generaci\u00f3n 2011<\/p>\r\n            <br>\r\n            <a href=\"#\" target=\"_blank\" class=\"linkedin-link\">\r\n                <i class=\"fab fa-linkedin fa-lg\"><\/i>\r\n            <\/a>\r\n        <\/div>\r\n    <\/section>\r\n\r\n    <section class=\"grid-container\">\r\n        <div class=\"card\">\r\n            <img decoding=\"async\" src=\"https:\/\/colegionocedal.cl\/alumni\/wp-content\/uploads\/2025\/05\/Juan-Jose-Amigo-Sepulveda-e1748223492604.jpeg\"\r\n                alt=\"Juan Jos\u00e9 Amigo Sep\u00falveda\">\r\n            <h3>Juan Jos\u00e9<\/h3>\r\n            <h3>Amigo Sep\u00falveda<\/h3>\r\n            <p>Delegado Fundador<\/p>\r\n            <p>Generaci\u00f3n 2011<\/p>\r\n            <br>\r\n            <a href=\"#\" target=\"_blank\" class=\"linkedin-link\">\r\n                <i class=\"fab fa-linkedin fa-lg\"><\/i>\r\n            <\/a>\r\n        <\/div>\r\n\r\n        <div class=\"card\">\r\n            <img decoding=\"async\" src=\"https:\/\/colegionocedal.cl\/alumni\/wp-content\/uploads\/2023\/12\/icono-persona.png\"\r\n                alt=\"Dylan Gonz\u00e1lez L\u00f3pez Melivilu\">\r\n            <h3>Dylan Gonz\u00e1lez<\/h3>\r\n            <h3>L\u00f3pez Melivilu<\/h3>\r\n            <p>Delegado Fundador<\/p>\r\n            <p>Generaci\u00f3n 2012<\/p>\r\n            <br>\r\n            <a href=\"#\" target=\"_blank\" class=\"linkedin-link\">\r\n                <i class=\"fab fa-linkedin fa-lg\"><\/i>\r\n            <\/a>\r\n        <\/div>\r\n\r\n        <div class=\"card\">\r\n            <img decoding=\"async\" src=\"https:\/\/colegionocedal.cl\/alumni\/wp-content\/uploads\/2023\/12\/icono-persona.png\"\r\n                alt=\"Eduardo Ignacio Pizarro Galindo\">\r\n            <h3>Eduardo Ignacio<\/h3>\r\n            <h3>Pizarro Galindo<\/h3>\r\n            <p>Delegado Fundador<\/p>\r\n            <p>Generaci\u00f3n 2013<\/p>\r\n            <br>\r\n            <a href=\"#\" target=\"_blank\" class=\"linkedin-link\">\r\n                <i class=\"fab fa-linkedin fa-lg\"><\/i>\r\n            <\/a>\r\n        <\/div>\r\n\r\n        <div class=\"card\">\r\n            <img decoding=\"async\" src=\"https:\/\/colegionocedal.cl\/alumni\/wp-content\/uploads\/2023\/12\/icono-persona.png\"\r\n                alt=\"Gonzalo Iv\u00e1n P\u00e9rez Sep\u00falveda\">\r\n            <h3>Gonzalo Iv\u00e1n<\/h3>\r\n            <h3>P\u00e9rez Sep\u00falveda<\/h3>\r\n            <p>Delegado Fundador<\/p>\r\n            <p>Generaci\u00f3n 2014<\/p>\r\n            <br>\r\n            <a href=\"#\" target=\"_blank\" class=\"linkedin-link\">\r\n                <i class=\"fab fa-linkedin fa-lg\"><\/i>\r\n            <\/a>\r\n        <\/div>\r\n    <\/section>\r\n\r\n    <section class=\"grid-container\">\r\n        <div class=\"card\">\r\n            <img decoding=\"async\" src=\"https:\/\/colegionocedal.cl\/alumni\/wp-content\/uploads\/2023\/12\/icono-persona.png\"\r\n                alt=\"Joaqu\u00edn Alfredo S\u00e1nchez Leal\">\r\n            <h3>Joaqu\u00edn Alfredo<\/h3>\r\n            <h3>S\u00e1nchez Leal<\/h3>\r\n            <p>Delegado Fundador<\/p>\r\n            <p>Generaci\u00f3n 2014<\/p>\r\n            <br>\r\n            <a href=\"#\" target=\"_blank\" class=\"linkedin-link\">\r\n                <i class=\"fab fa-linkedin fa-lg\"><\/i>\r\n            <\/a>\r\n        <\/div>\r\n\r\n        <div class=\"card\">\r\n            <img decoding=\"async\" src=\"https:\/\/colegionocedal.cl\/alumni\/wp-content\/uploads\/2025\/05\/Renato-Alfoin-Saavedra-Llano-e1748135763834.jpeg\"\r\n                alt=\"Renato Alfo\u00edn Saavedra Llano\">\r\n            <h3>Renato Alfo\u00edn<\/h3>\r\n            <h3>Saavedra Llano<\/h3>\r\n            <p>Delegado Fundador<\/p>\r\n            <p>Generaci\u00f3n 2014<\/p>\r\n            <br>\r\n            <a href=\"#\" target=\"_blank\" class=\"linkedin-link\">\r\n                <i class=\"fab fa-linkedin fa-lg\"><\/i>\r\n            <\/a>\r\n        <\/div>\r\n\r\n        <div class=\"card\">\r\n            <img decoding=\"async\" src=\"https:\/\/colegionocedal.cl\/alumni\/wp-content\/uploads\/2023\/12\/icono-persona.png\"\r\n                alt=\"Nicol\u00e1s Gabriel S\u00e1nchez Fuenzalida\">\r\n            <h3>Nicol\u00e1s Gabriel<\/h3>\r\n            <h3>S\u00e1nchez Fuenzalida<\/h3>\r\n            <p>Delegado Fundador<\/p>\r\n            <p>Generaci\u00f3n 2016<\/p>\r\n            <br>\r\n            <a href=\"#\" target=\"_blank\" class=\"linkedin-link\">\r\n                <i class=\"fab fa-linkedin fa-lg\"><\/i>\r\n            <\/a>\r\n        <\/div>\r\n\r\n        <div class=\"card\">\r\n            <img decoding=\"async\" src=\"https:\/\/colegionocedal.cl\/alumni\/wp-content\/uploads\/2025\/05\/Joaquin-Roberto-Aguilar-Bustamante-e1748224271643.jpeg\"\r\n                alt=\"Joaqu\u00edn Roberto Aguilar Bustamante\">\r\n            <h3>Joaqu\u00edn Roberto<\/h3>\r\n            <h3>Aguilar Bustamante<\/h3>\r\n            <p>Delegado Fundador<\/p>\r\n            <p>Generaci\u00f3n 2020<\/p>\r\n            <br>\r\n            <a href=\"#\" target=\"_blank\" class=\"linkedin-link\">\r\n                <i class=\"fab fa-linkedin fa-lg\"><\/i>\r\n            <\/a>\r\n        <\/div>\r\n    <\/section>\r\n\r\n    <section class=\"grid-container\">\r\n        <div class=\"card\">\r\n            <img decoding=\"async\" src=\"https:\/\/colegionocedal.cl\/alumni\/wp-content\/uploads\/2025\/05\/Francisco-Javier-Huenuqueo-Navarro-e1748224393217.jpeg\"\r\n                alt=\"Francisco Javier Huenuqueo Navarro\">\r\n            <h3>Francisco Javier<\/h3>\r\n            <h3>Huenuqueo Navarro<\/h3>\r\n            <p>Delegado Fundador<\/p>\r\n            <p>Generaci\u00f3n 2020<\/p>\r\n            <br>\r\n            <a href=\"#\" target=\"_blank\" class=\"linkedin-link\">\r\n                <i class=\"fab fa-linkedin fa-lg\"><\/i>\r\n            <\/a>\r\n        <\/div>\r\n\r\n        <div class=\"card\">\r\n            <img decoding=\"async\" src=\"https:\/\/colegionocedal.cl\/alumni\/wp-content\/uploads\/2025\/05\/Allen-Jonathan-Iturra-Villarroel-e1748135875930.jpeg\"\r\n                alt=\"Allen Jonathan Iturra Villarroel\">\r\n            <h3>Allen Jonathan<\/h3>\r\n            <h3>Iturra Villarroel<\/h3>\r\n            <p>Delegado Fundador<\/p>\r\n            <p>Generaci\u00f3n 2022<\/p>\r\n            <br>\r\n            <a href=\"#\" target=\"_blank\" class=\"linkedin-link\">\r\n                <i class=\"fab fa-linkedin fa-lg\"><\/i>\r\n            <\/a>\r\n        <\/div>\r\n\r\n        <div class=\"card\">\r\n            <img decoding=\"async\" src=\"https:\/\/colegionocedal.cl\/alumni\/wp-content\/uploads\/2023\/12\/icono-persona.png\"\r\n                alt=\"Benjam\u00edn Ignacio M\u00e9ndez Salas\">\r\n            <h3>Benjam\u00edn Ignacio<\/h3>\r\n            <h3>M\u00e9ndez Salas<\/h3>\r\n            <p>Delegado Fundador<\/p>\r\n            <p>Generaci\u00f3n 2022<\/p>\r\n            <br>\r\n            <a href=\"#\" target=\"_blank\" class=\"linkedin-link\">\r\n                <i class=\"fab fa-linkedin fa-lg\"><\/i>\r\n            <\/a>\r\n        <\/div>\r\n        <\/section>\r\n\r\n<\/body>\r\n\r\n<\/html><\/code>","protected":false},"excerpt":{"rendered":"Delegados Fundadores Delegados fundadores Los Delegados Fundadores son aquellos asociados que han constituido la Asociaci\u00f3n, firmando los primeros Estatutos. Mauricio Rodrigo Vega Torres Delegado Fundador Generaci\u00f3n 2004 David Alexander M\u00e9ndez Letelier Delegado Fundador Generaci\u00f3n 2004 Marcelo Antonio Badilla Santander Delegado Fundador Generaci\u00f3n 2005 Eduardo Andr\u00e9s Herrera Carrillo Delegado Fundador Generaci\u00f3n 2006 Marcelo Iv\u00e1n Figueroa Cisterna [&hellip;]","protected":false},"author":1,"featured_media":0,"parent":0,"menu_order":0,"comment_status":"closed","ping_status":"closed","template":"page-templates\/home.php","meta":{"footnotes":""},"class_list":["post-1744","page","type-page","status-publish","hentry"],"_links":{"self":[{"href":"https:\/\/colegionocedal.cl\/alumni\/wp-json\/wp\/v2\/pages\/1744","targetHints":{"allow":["GET"]}}],"collection":[{"href":"https:\/\/colegionocedal.cl\/alumni\/wp-json\/wp\/v2\/pages"}],"about":[{"href":"https:\/\/colegionocedal.cl\/alumni\/wp-json\/wp\/v2\/types\/page"}],"author":[{"embeddable":true,"href":"https:\/\/colegionocedal.cl\/alumni\/wp-json\/wp\/v2\/users\/1"}],"replies":[{"embeddable":true,"href":"https:\/\/colegionocedal.cl\/alumni\/wp-json\/wp\/v2\/comments?post=1744"}],"version-history":[{"count":8,"href":"https:\/\/colegionocedal.cl\/alumni\/wp-json\/wp\/v2\/pages\/1744\/revisions"}],"predecessor-version":[{"id":1758,"href":"https:\/\/colegionocedal.cl\/alumni\/wp-json\/wp\/v2\/pages\/1744\/revisions\/1758"}],"wp:attachment":[{"href":"https:\/\/colegionocedal.cl\/alumni\/wp-json\/wp\/v2\/media?parent=1744"}],"curies":[{"name":"wp","href":"https:\/\/api.w.org\/{rel}","templated":true}]}}